{"id":48,"date":"2023-08-16T09:56:12","date_gmt":"2023-08-16T09:56:12","guid":{"rendered":"https:\/\/www.telephonie-bourguignone.fr\/?page_id=48"},"modified":"2023-08-16T20:12:08","modified_gmt":"2023-08-16T20:12:08","slug":"contact-sos-informatique-telephonie","status":"publish","type":"page","link":"https:\/\/www.telephonie-bourguignone.fr\/index.php\/contact-sos-informatique-telephonie\/","title":{"rendered":"Contact"},"content":{"rendered":"\n<div class=\"wp-block-columns alignfull is-layout-flex wp-container-core-columns-is-layout-28f84493 wp-block-columns-is-layout-flex\"><\/div>\n\n\n\n<div class=\"wp-block-columns container is-layout-flex wp-container-core-columns-is-layout-28f84493 wp-block-columns-is-layout-flex\">\n<div class=\"wp-block-column is-vertically-aligned-center is-layout-flow wp-block-column-is-layout-flow\">\n<h2 class=\"wp-block-heading hestia-title\">Nous envoyer un message<\/h2>\n\n\n\n<div style=\"height:40px\" aria-hidden=\"true\" class=\"wp-block-spacer\"><\/div>\n\n\n<style id=\"wpforms-css-vars-root\">\n\t\t\t\t:root {\n\t\t\t\t\t--wpforms-field-border-radius: 3px;\n--wpforms-field-border-style: solid;\n--wpforms-field-border-size: 1px;\n--wpforms-field-background-color: #ffffff;\n--wpforms-field-border-color: rgba( 0, 0, 0, 0.25 );\n--wpforms-field-border-color-spare: rgba( 0, 0, 0, 0.25 );\n--wpforms-field-text-color: rgba( 0, 0, 0, 0.7 );\n--wpforms-field-menu-color: #ffffff;\n--wpforms-label-color: rgba( 0, 0, 0, 0.85 );\n--wpforms-label-sublabel-color: rgba( 0, 0, 0, 0.55 );\n--wpforms-label-error-color: #d63637;\n--wpforms-button-border-radius: 3px;\n--wpforms-button-border-style: none;\n--wpforms-button-border-size: 1px;\n--wpforms-button-background-color: #066aab;\n--wpforms-button-border-color: #066aab;\n--wpforms-button-text-color: #ffffff;\n--wpforms-page-break-color: #066aab;\n--wpforms-background-image: none;\n--wpforms-background-position: center center;\n--wpforms-background-repeat: no-repeat;\n--wpforms-background-size: cover;\n--wpforms-background-width: 100px;\n--wpforms-background-height: 100px;\n--wpforms-background-color: rgba( 0, 0, 0, 0 );\n--wpforms-background-url: none;\n--wpforms-container-padding: 0px;\n--wpforms-container-border-style: none;\n--wpforms-container-border-width: 1px;\n--wpforms-container-border-color: #000000;\n--wpforms-container-border-radius: 3px;\n--wpforms-field-size-input-height: 43px;\n--wpforms-field-size-input-spacing: 15px;\n--wpforms-field-size-font-size: 16px;\n--wpforms-field-size-line-height: 19px;\n--wpforms-field-size-padding-h: 14px;\n--wpforms-field-size-checkbox-size: 16px;\n--wpforms-field-size-sublabel-spacing: 5px;\n--wpforms-field-size-icon-size: 1;\n--wpforms-label-size-font-size: 16px;\n--wpforms-label-size-line-height: 19px;\n--wpforms-label-size-sublabel-font-size: 14px;\n--wpforms-label-size-sublabel-line-height: 17px;\n--wpforms-button-size-font-size: 17px;\n--wpforms-button-size-height: 41px;\n--wpforms-button-size-padding-h: 15px;\n--wpforms-button-size-margin-top: 10px;\n--wpforms-container-shadow-size-box-shadow: none;\n\n\t\t\t\t}\n\t\t\t<\/style><div class=\"wpforms-container wpforms-container-full wpforms-block wpforms-block-2033d34f-923d-485d-98bf-65f84fe14add wpforms-render-modern\" id=\"wpforms-131\"><form id=\"wpforms-form-131\" class=\"wpforms-validate wpforms-form wpforms-ajax-form\" data-formid=\"131\" method=\"post\" enctype=\"multipart\/form-data\" action=\"\/index.php\/wp-json\/wp\/v2\/pages\/48\" data-token=\"bb536c34e5d8259dbc9614a37524c41a\" data-token-time=\"1775411699\"><noscript class=\"wpforms-error-noscript\">Veuillez activer JavaScript dans votre navigateur pour remplir ce formulaire.<\/noscript><div class=\"wpforms-hidden\" id=\"wpforms-error-noscript\">Veuillez activer JavaScript dans votre navigateur pour remplir ce formulaire.<\/div><div class=\"wpforms-field-container\"><div id=\"wpforms-131-field_0-container\" class=\"wpforms-field wpforms-field-name\" data-field-id=\"0\"><label class=\"wpforms-field-label\" for=\"wpforms-131-field_0\">Nom <span class=\"wpforms-required-label\" aria-hidden=\"true\">*<\/span><\/label><input type=\"text\" id=\"wpforms-131-field_0\" class=\"wpforms-field-medium wpforms-field-required\" name=\"wpforms[fields][0]\" aria-errormessage=\"wpforms-131-field_0-error\" required><\/div><div id=\"wpforms-131-field_3-container\" class=\"wpforms-field wpforms-field-text\" data-field-id=\"3\"><label class=\"wpforms-field-label\" for=\"wpforms-131-field_3\">Nom de l&#039;Entreprise <\/label><input type=\"text\" id=\"wpforms-131-field_3\" class=\"wpforms-field-medium\" name=\"wpforms[fields][3]\" aria-errormessage=\"wpforms-131-field_3-error\" ><\/div><div id=\"wpforms-131-field_1-container\" class=\"wpforms-field wpforms-field-email\" data-field-id=\"1\"><label class=\"wpforms-field-label\" for=\"wpforms-131-field_1\">E-mail <span class=\"wpforms-required-label\" aria-hidden=\"true\">*<\/span><\/label><input type=\"email\" id=\"wpforms-131-field_1\" class=\"wpforms-field-medium wpforms-field-required\" name=\"wpforms[fields][1]\" spellcheck=\"false\" aria-errormessage=\"wpforms-131-field_1-error\" required><\/div><div id=\"wpforms-131-field_2-container\" class=\"wpforms-field wpforms-field-textarea\" data-field-id=\"2\"><label class=\"wpforms-field-label\" for=\"wpforms-131-field_2\">Votre message <span class=\"wpforms-required-label\" aria-hidden=\"true\">*<\/span><\/label><textarea id=\"wpforms-131-field_2\" class=\"wpforms-field-medium wpforms-field-required\" name=\"wpforms[fields][2]\" aria-errormessage=\"wpforms-131-field_2-error\" required><\/textarea><\/div><\/div><!-- .wpforms-field-container --><div class=\"wpforms-submit-container\" ><input type=\"hidden\" name=\"wpforms[id]\" value=\"131\"><input type=\"hidden\" name=\"page_title\" value=\"\"><input type=\"hidden\" name=\"page_url\" value=\"https:\/\/www.telephonie-bourguignone.fr\/index.php\/wp-json\/wp\/v2\/pages\/48\"><button type=\"submit\" name=\"wpforms[submit]\" id=\"wpforms-submit-131\" class=\"wpforms-submit\" data-alt-text=\"Envoi...\" data-submit-text=\"Envoyer\" aria-live=\"assertive\" value=\"wpforms-submit\">Envoyer<\/button><img loading=\"lazy\" decoding=\"async\" src=\"https:\/\/www.telephonie-bourguignone.fr\/wp-content\/plugins\/wpforms-lite\/assets\/images\/submit-spin.svg\" class=\"wpforms-submit-spinner\" style=\"display: none;\" width=\"26\" height=\"26\" alt=\"Chargement en cours\"><\/div><\/form><\/div>  <!-- .wpforms-container --><\/div>\n\n\n\n<div class=\"wp-block-column is-vertically-aligned-center is-layout-flow wp-block-column-is-layout-flow\">\n<div class=\"wp-block-columns is-layout-flex wp-container-core-columns-is-layout-28f84493 wp-block-columns-is-layout-flex\">\n<div class=\"wp-block-column is-layout-flow wp-block-column-is-layout-flow\"><\/div>\n\n\n\n<div class=\"wp-block-column is-layout-flow wp-block-column-is-layout-flow\" style=\"flex-basis:50%\">\n<h4 class=\"wp-block-heading has-text-align-left hestia-title has-text-color\" style=\"color:#3c4858;font-size:18px\"><img decoding=\"async\" class=\"wp-image-86\" style=\"width: 25px;\" src=\"https:\/\/www.telephonie-bourguignone.fr\/wp-content\/themes\/hestia\/assets\/img\/contact1.png\" alt=\"Map icon\">  <strong>Nos Agences<\/strong><\/h4>\n\n\n\n<p><\/p>\n\n\n\n<ul class=\"wp-block-list\">\n<li><strong>APPOIGNY<\/strong> : 92 Route de paris 89380<\/li>\n\n\n\n<li><strong>ST FLORENTIN<\/strong> : Centre Commercial Intermarch\u00e9 89700<\/li>\n\n\n\n<li><strong>SENS<\/strong> : 6 Boulvard Garibaldi 89100<\/li>\n<\/ul>\n\n\n\n<div style=\"width: 100%\"><iframe loading=\"lazy\" width=\"100%\" height=\"200\" frameborder=\"0\" scrolling=\"no\" marginheight=\"0\" marginwidth=\"0\" src=\"https:\/\/maps.google.com\/maps?width=100%25&amp;height=200&amp;hl=en&amp;q=sos%20informatique%20APPOIGNY+(SOS%20INFORMATIQUE%20APPOIGNY)&amp;t=&amp;z=14&amp;ie=UTF8&amp;iwloc=B&amp;output=embed\"><a href=\"https:\/\/www.maps.ie\/population\/\">Population mapping<\/a><\/iframe><\/div>\n\n\n\n<div style=\"width: 100%\"><iframe loading=\"lazy\" width=\"100%\" height=\"200\" frameborder=\"0\" scrolling=\"no\" marginheight=\"0\" marginwidth=\"0\" src=\"https:\/\/maps.google.com\/maps?width=100%25&amp;height=200&amp;hl=en&amp;q=sos%20informatique%20saint%20florentin+(SOS%20INFORMATIQUE%20st%20florentin)&amp;t=&amp;z=14&amp;ie=UTF8&amp;iwloc=B&amp;output=embed\"><a href=\"https:\/\/www.maps.ie\/population\/\">Calculate population in area<\/a><\/iframe><\/div>\n\n\n\n<div style=\"width: 100%\"><iframe loading=\"lazy\" width=\"100%\" height=\"200\" frameborder=\"0\" scrolling=\"no\" marginheight=\"0\" marginwidth=\"0\" src=\"https:\/\/maps.google.com\/maps?width=100%25&amp;height=200&amp;hl=en&amp;q=sos%20informatique%20sens+(SOS%20INFORMATIQUE%20SENS)&amp;t=&amp;z=14&amp;ie=UTF8&amp;iwloc=B&amp;output=embed\"><a href=\"https:\/\/www.maps.ie\/population\/\">Find Population on Map<\/a><\/iframe><\/div>\n\n\n\n<div style=\"height:40px\" aria-hidden=\"true\" class=\"wp-block-spacer\"><\/div>\n\n\n\n<h4 class=\"wp-block-heading has-text-align-left hestia-title has-text-color\" style=\"color:#3c4858;font-size:18px\"><img decoding=\"async\" class=\"wp-image-98\" style=\"width: 25px;\" src=\"https:\/\/www.telephonie-bourguignone.fr\/wp-content\/themes\/hestia\/assets\/img\/contact2.png\" alt=\"\">  <strong><strong>Par t\u00e9l\u00e9phone<\/strong><\/strong><\/h4>\n\n\n\n<p><strong>Demande d&rsquo;Assistance<\/strong> du Lundi au samedi de 8h \u00e0 19h : <strong>03 59 59 05 59<\/strong><\/p>\n\n\n\n<p><strong>Demande Commerciale<\/strong> du lundi au vendredi de 8h \u00e0 18h : 07 49 16 43 71<\/p>\n\n\n\n<div style=\"height:40px\" aria-hidden=\"true\" class=\"wp-block-spacer\"><\/div>\n\n\n\n<h4 class=\"wp-block-heading has-text-align-left hestia-title has-text-color\" style=\"color:#3c4858;font-size:18px\"><img decoding=\"async\" class=\"wp-image-105\" style=\"width: 25px;\" src=\"https:\/\/www.telephonie-bourguignone.fr\/wp-content\/themes\/hestia\/assets\/img\/contact3.png\" alt=\"\"><strong>  <strong>information<\/strong><\/strong>s <\/h4>\n\n\n\n<p class=\"has-text-align-left has-text-color\" style=\"color:#999999;font-size:14px\">Hitek Production SARL &#8211; SOS INFORMATIQUE<\/p>\n\n\n\n<p><strong>SIret <\/strong>: 482 527 835 00011<\/p>\n<\/div>\n\n\n\n<div class=\"wp-block-column is-layout-flow wp-block-column-is-layout-flow\"><\/div>\n<\/div>\n<\/div>\n<\/div>\n\n\n\n<p><\/p>\n\n\n\n<p><\/p>\n","protected":false},"excerpt":{"rendered":"<p>Nous envoyer un message Nos Agences Population mapping Calculate population in area Find Population on Map Par t\u00e9l\u00e9phone Demande d&rsquo;Assistance du Lundi au samedi de 8h \u00e0 19h : 03 59 59 05 59 Demande Commerciale du lundi au vendredi de 8h \u00e0 18h : 07 49 16 43 71 [&hellip;]<\/p>\n","protected":false},"author":1,"featured_media":40,"parent":0,"menu_order":0,"comment_status":"closed","ping_status":"closed","template":"page-templates\/template-pagebuilder-full-width.php","meta":{"footnotes":""},"class_list":["post-48","page","type-page","status-publish","has-post-thumbnail","hentry"],"yoast_head":"<!-- This site is optimized with the Yoast SEO plugin v24.0 - https:\/\/yoast.com\/wordpress\/plugins\/seo\/ -->\n<title>Contact - La T\u00e9l\u00e9phonie Professionnelle en Bourgogne<\/title>\n<meta name=\"description\" content=\"contacter un expert de la t\u00e9l\u00e9phonie en bourgogne sos informatique, hitek production disponible dans tout le d\u00e9partement 89\" \/>\n<meta name=\"robots\" content=\"index, follow, max-snippet:-1, max-image-preview:large, max-video-preview:-1\" \/>\n<link rel=\"canonical\" href=\"https:\/\/www.telephonie-bourguignone.fr\/index.php\/contact-sos-informatique-telephonie\/\" \/>\n<meta property=\"og:locale\" content=\"fr_FR\" \/>\n<meta property=\"og:type\" content=\"article\" \/>\n<meta property=\"og:title\" content=\"Contact - La T\u00e9l\u00e9phonie Professionnelle en Bourgogne\" \/>\n<meta property=\"og:description\" content=\"contacter un expert de la t\u00e9l\u00e9phonie en bourgogne sos informatique, hitek production disponible dans tout le d\u00e9partement 89\" \/>\n<meta property=\"og:url\" content=\"https:\/\/www.telephonie-bourguignone.fr\/index.php\/contact-sos-informatique-telephonie\/\" \/>\n<meta property=\"og:site_name\" content=\"La T\u00e9l\u00e9phonie Professionnelle en Bourgogne\" \/>\n<meta property=\"article:modified_time\" content=\"2023-08-16T20:12:08+00:00\" \/>\n<meta property=\"og:image\" content=\"https:\/\/www.telephonie-bourguignone.fr\/wp-content\/uploads\/2023\/08\/contact-2.jpg\" \/>\n\t<meta property=\"og:image:width\" content=\"1024\" \/>\n\t<meta property=\"og:image:height\" content=\"683\" \/>\n\t<meta property=\"og:image:type\" content=\"image\/jpeg\" \/>\n<meta name=\"twitter:card\" content=\"summary_large_image\" \/>\n<meta name=\"twitter:label1\" content=\"Dur\u00e9e de lecture estim\u00e9e\" \/>\n\t<meta name=\"twitter:data1\" content=\"1 minute\" \/>\n<script type=\"application\/ld+json\" class=\"yoast-schema-graph\">{\"@context\":\"https:\/\/schema.org\",\"@graph\":[{\"@type\":\"WebPage\",\"@id\":\"https:\/\/www.telephonie-bourguignone.fr\/index.php\/contact-sos-informatique-telephonie\/\",\"url\":\"https:\/\/www.telephonie-bourguignone.fr\/index.php\/contact-sos-informatique-telephonie\/\",\"name\":\"Contact - La T\u00e9l\u00e9phonie Professionnelle en Bourgogne\",\"isPartOf\":{\"@id\":\"https:\/\/www.telephonie-bourguignone.fr\/#website\"},\"primaryImageOfPage\":{\"@id\":\"https:\/\/www.telephonie-bourguignone.fr\/index.php\/contact-sos-informatique-telephonie\/#primaryimage\"},\"image\":{\"@id\":\"https:\/\/www.telephonie-bourguignone.fr\/index.php\/contact-sos-informatique-telephonie\/#primaryimage\"},\"thumbnailUrl\":\"https:\/\/www.telephonie-bourguignone.fr\/wp-content\/uploads\/2023\/08\/contact-2.jpg\",\"datePublished\":\"2023-08-16T09:56:12+00:00\",\"dateModified\":\"2023-08-16T20:12:08+00:00\",\"description\":\"contacter un expert de la t\u00e9l\u00e9phonie en bourgogne sos informatique, hitek production disponible dans tout le d\u00e9partement 89\",\"breadcrumb\":{\"@id\":\"https:\/\/www.telephonie-bourguignone.fr\/index.php\/contact-sos-informatique-telephonie\/#breadcrumb\"},\"inLanguage\":\"fr-FR\",\"potentialAction\":[{\"@type\":\"ReadAction\",\"target\":[\"https:\/\/www.telephonie-bourguignone.fr\/index.php\/contact-sos-informatique-telephonie\/\"]}]},{\"@type\":\"ImageObject\",\"inLanguage\":\"fr-FR\",\"@id\":\"https:\/\/www.telephonie-bourguignone.fr\/index.php\/contact-sos-informatique-telephonie\/#primaryimage\",\"url\":\"https:\/\/www.telephonie-bourguignone.fr\/wp-content\/uploads\/2023\/08\/contact-2.jpg\",\"contentUrl\":\"https:\/\/www.telephonie-bourguignone.fr\/wp-content\/uploads\/2023\/08\/contact-2.jpg\",\"width\":1024,\"height\":683},{\"@type\":\"BreadcrumbList\",\"@id\":\"https:\/\/www.telephonie-bourguignone.fr\/index.php\/contact-sos-informatique-telephonie\/#breadcrumb\",\"itemListElement\":[{\"@type\":\"ListItem\",\"position\":1,\"name\":\"Accueil\",\"item\":\"https:\/\/www.telephonie-bourguignone.fr\/\"},{\"@type\":\"ListItem\",\"position\":2,\"name\":\"Contact\"}]},{\"@type\":\"WebSite\",\"@id\":\"https:\/\/www.telephonie-bourguignone.fr\/#website\",\"url\":\"https:\/\/www.telephonie-bourguignone.fr\/\",\"name\":\"La T\u00e9l\u00e9phonie Professionnelle en Bourgogne\",\"description\":\"La T\u00e9l\u00e9phonie d&#039;Entreprise de proximit\u00e9\",\"publisher\":{\"@id\":\"https:\/\/www.telephonie-bourguignone.fr\/#organization\"},\"potentialAction\":[{\"@type\":\"SearchAction\",\"target\":{\"@type\":\"EntryPoint\",\"urlTemplate\":\"https:\/\/www.telephonie-bourguignone.fr\/?s={search_term_string}\"},\"query-input\":{\"@type\":\"PropertyValueSpecification\",\"valueRequired\":true,\"valueName\":\"search_term_string\"}}],\"inLanguage\":\"fr-FR\"},{\"@type\":\"Organization\",\"@id\":\"https:\/\/www.telephonie-bourguignone.fr\/#organization\",\"name\":\"La T\u00e9l\u00e9phonie Professionnelle en Bourgogne\",\"url\":\"https:\/\/www.telephonie-bourguignone.fr\/\",\"logo\":{\"@type\":\"ImageObject\",\"inLanguage\":\"fr-FR\",\"@id\":\"https:\/\/www.telephonie-bourguignone.fr\/#\/schema\/logo\/image\/\",\"url\":\"https:\/\/www.telephonie-bourguignone.fr\/wp-content\/uploads\/2023\/08\/cropped-cropped-EnseigneTRANSPARENTsanseffe.gif\",\"contentUrl\":\"https:\/\/www.telephonie-bourguignone.fr\/wp-content\/uploads\/2023\/08\/cropped-cropped-EnseigneTRANSPARENTsanseffe.gif\",\"width\":150,\"height\":67,\"caption\":\"La T\u00e9l\u00e9phonie Professionnelle en Bourgogne\"},\"image\":{\"@id\":\"https:\/\/www.telephonie-bourguignone.fr\/#\/schema\/logo\/image\/\"}}]}<\/script>\n<!-- \/ Yoast SEO plugin. -->","yoast_head_json":{"title":"Contact - La T\u00e9l\u00e9phonie Professionnelle en Bourgogne","description":"contacter un expert de la t\u00e9l\u00e9phonie en bourgogne sos informatique, hitek production disponible dans tout le d\u00e9partement 89","robots":{"index":"index","follow":"follow","max-snippet":"max-snippet:-1","max-image-preview":"max-image-preview:large","max-video-preview":"max-video-preview:-1"},"canonical":"https:\/\/www.telephonie-bourguignone.fr\/index.php\/contact-sos-informatique-telephonie\/","og_locale":"fr_FR","og_type":"article","og_title":"Contact - La T\u00e9l\u00e9phonie Professionnelle en Bourgogne","og_description":"contacter un expert de la t\u00e9l\u00e9phonie en bourgogne sos informatique, hitek production disponible dans tout le d\u00e9partement 89","og_url":"https:\/\/www.telephonie-bourguignone.fr\/index.php\/contact-sos-informatique-telephonie\/","og_site_name":"La T\u00e9l\u00e9phonie Professionnelle en Bourgogne","article_modified_time":"2023-08-16T20:12:08+00:00","og_image":[{"width":1024,"height":683,"url":"https:\/\/www.telephonie-bourguignone.fr\/wp-content\/uploads\/2023\/08\/contact-2.jpg","type":"image\/jpeg"}],"twitter_card":"summary_large_image","twitter_misc":{"Dur\u00e9e de lecture estim\u00e9e":"1 minute"},"schema":{"@context":"https:\/\/schema.org","@graph":[{"@type":"WebPage","@id":"https:\/\/www.telephonie-bourguignone.fr\/index.php\/contact-sos-informatique-telephonie\/","url":"https:\/\/www.telephonie-bourguignone.fr\/index.php\/contact-sos-informatique-telephonie\/","name":"Contact - La T\u00e9l\u00e9phonie Professionnelle en Bourgogne","isPartOf":{"@id":"https:\/\/www.telephonie-bourguignone.fr\/#website"},"primaryImageOfPage":{"@id":"https:\/\/www.telephonie-bourguignone.fr\/index.php\/contact-sos-informatique-telephonie\/#primaryimage"},"image":{"@id":"https:\/\/www.telephonie-bourguignone.fr\/index.php\/contact-sos-informatique-telephonie\/#primaryimage"},"thumbnailUrl":"https:\/\/www.telephonie-bourguignone.fr\/wp-content\/uploads\/2023\/08\/contact-2.jpg","datePublished":"2023-08-16T09:56:12+00:00","dateModified":"2023-08-16T20:12:08+00:00","description":"contacter un expert de la t\u00e9l\u00e9phonie en bourgogne sos informatique, hitek production disponible dans tout le d\u00e9partement 89","breadcrumb":{"@id":"https:\/\/www.telephonie-bourguignone.fr\/index.php\/contact-sos-informatique-telephonie\/#breadcrumb"},"inLanguage":"fr-FR","potentialAction":[{"@type":"ReadAction","target":["https:\/\/www.telephonie-bourguignone.fr\/index.php\/contact-sos-informatique-telephonie\/"]}]},{"@type":"ImageObject","inLanguage":"fr-FR","@id":"https:\/\/www.telephonie-bourguignone.fr\/index.php\/contact-sos-informatique-telephonie\/#primaryimage","url":"https:\/\/www.telephonie-bourguignone.fr\/wp-content\/uploads\/2023\/08\/contact-2.jpg","contentUrl":"https:\/\/www.telephonie-bourguignone.fr\/wp-content\/uploads\/2023\/08\/contact-2.jpg","width":1024,"height":683},{"@type":"BreadcrumbList","@id":"https:\/\/www.telephonie-bourguignone.fr\/index.php\/contact-sos-informatique-telephonie\/#breadcrumb","itemListElement":[{"@type":"ListItem","position":1,"name":"Accueil","item":"https:\/\/www.telephonie-bourguignone.fr\/"},{"@type":"ListItem","position":2,"name":"Contact"}]},{"@type":"WebSite","@id":"https:\/\/www.telephonie-bourguignone.fr\/#website","url":"https:\/\/www.telephonie-bourguignone.fr\/","name":"La T\u00e9l\u00e9phonie Professionnelle en Bourgogne","description":"La T\u00e9l\u00e9phonie d&#039;Entreprise de proximit\u00e9","publisher":{"@id":"https:\/\/www.telephonie-bourguignone.fr\/#organization"},"potentialAction":[{"@type":"SearchAction","target":{"@type":"EntryPoint","urlTemplate":"https:\/\/www.telephonie-bourguignone.fr\/?s={search_term_string}"},"query-input":{"@type":"PropertyValueSpecification","valueRequired":true,"valueName":"search_term_string"}}],"inLanguage":"fr-FR"},{"@type":"Organization","@id":"https:\/\/www.telephonie-bourguignone.fr\/#organization","name":"La T\u00e9l\u00e9phonie Professionnelle en Bourgogne","url":"https:\/\/www.telephonie-bourguignone.fr\/","logo":{"@type":"ImageObject","inLanguage":"fr-FR","@id":"https:\/\/www.telephonie-bourguignone.fr\/#\/schema\/logo\/image\/","url":"https:\/\/www.telephonie-bourguignone.fr\/wp-content\/uploads\/2023\/08\/cropped-cropped-EnseigneTRANSPARENTsanseffe.gif","contentUrl":"https:\/\/www.telephonie-bourguignone.fr\/wp-content\/uploads\/2023\/08\/cropped-cropped-EnseigneTRANSPARENTsanseffe.gif","width":150,"height":67,"caption":"La T\u00e9l\u00e9phonie Professionnelle en Bourgogne"},"image":{"@id":"https:\/\/www.telephonie-bourguignone.fr\/#\/schema\/logo\/image\/"}}]}},"_links":{"self":[{"href":"https:\/\/www.telephonie-bourguignone.fr\/index.php\/wp-json\/wp\/v2\/pages\/48","targetHints":{"allow":["GET"]}}],"collection":[{"href":"https:\/\/www.telephonie-bourguignone.fr\/index.php\/wp-json\/wp\/v2\/pages"}],"about":[{"href":"https:\/\/www.telephonie-bourguignone.fr\/index.php\/wp-json\/wp\/v2\/types\/page"}],"author":[{"embeddable":true,"href":"https:\/\/www.telephonie-bourguignone.fr\/index.php\/wp-json\/wp\/v2\/users\/1"}],"replies":[{"embeddable":true,"href":"https:\/\/www.telephonie-bourguignone.fr\/index.php\/wp-json\/wp\/v2\/comments?post=48"}],"version-history":[{"count":10,"href":"https:\/\/www.telephonie-bourguignone.fr\/index.php\/wp-json\/wp\/v2\/pages\/48\/revisions"}],"predecessor-version":[{"id":149,"href":"https:\/\/www.telephonie-bourguignone.fr\/index.php\/wp-json\/wp\/v2\/pages\/48\/revisions\/149"}],"wp:featuredmedia":[{"embeddable":true,"href":"https:\/\/www.telephonie-bourguignone.fr\/index.php\/wp-json\/wp\/v2\/media\/40"}],"wp:attachment":[{"href":"https:\/\/www.telephonie-bourguignone.fr\/index.php\/wp-json\/wp\/v2\/media?parent=48"}],"curies":[{"name":"wp","href":"https:\/\/api.w.org\/{rel}","templated":true}]}}